en 151 is divided by 68?
15
Calculate the remainder when 480 is divided by 148.
36
What is the remainder when 24 is divided by 17?
7
What is the remainder when 1226 is divided by 194?
62
Calculate the remainder when 60 is divided by 17.
9
What is the remainder when 61 is divided by 35?
26
Calculate the remainder when 336 is divided by 68.
64
What is the remainder when 244 is divided by 49?
48
What is the remainder when 174 is divided by 59?
56
What is the remainder when 3403 is divided by 47?
19
What is the remainder when 59 is divided by 23?
13
What is the remainder when 267 is divided by 67?
66
Calculate the remainder when 394 is divided by 195.
4
Calculate the remainder when 797 is divided by 21.
20
Calculate the remainder when 891 is divided by 4.
3
What is the remainder when 30 is divided by 6?
0
What is the remainder when 530 is divided by 54?
44
Calculate the remainder when 19639 is divided by 20.
19
What is the remainder when 3109 is divided by 76?
69
What is the remainder when 6094 is divided by 381?
379
Calculate the remainder when 6394 is divided by 15.
4
What is the remainder when 120 is divided by 22?
10
Calculate the remainder when 645 is divided by 128.
5
Calculate the remainder when 1013 is divided by 497.
19
What is the remainder when 38 is divided by 22?
16
Calculate the remainder when 2794 is divided by 127.
0
What is the remainder when 173 is divided by 25?
23
Calculate the remainder when 683 is divided by 69.
62
Calculate the remainder when 602 is divided by 15.
2
What is the remainder when 216 is divided by 50?
16
Calculate the remainder when 22 is divided by 6.
4
Calculate the remainder when 365 is divided by 181.
3
Calculate the remainder when 7214 is divided by 176.
174
Calculate the remainder when 56 is divided by 20.
16
What is the remainder when 913 is divided by 30?
13
Calculate the remainder when 335 is divided by 161.
13
What is the remainder when 156 is divided by 33?
24
Calculate the remainder when 286 is divided by 41.
40
What is the remainder when 509 is divided by 52?
41
What is the remainder when 273 is divided by 66?
9
What is the remainder when 154 is divided by 42?
28
What is the remainder when 418 is divided by 84?
82
Calculate the remainder when 3046 is divided by 17.
3
What is the remainder when 1093 is divided by 475?
143
What is the remainder when 257 is divided by 89?
79
What is the remainder when 502 is divided by 4?
2
Calculate the remainder when 540 is divided by 23.
11
Calculate the remainder when 656 is divided by 363.
293
Calculate the remainder when 1178 is divided by 228.
38
What is the remainder when 2340 is divided by 84?
72
Calculate the remainder when 128 is divided by 3.
2
What is the remainder when 171 is divided by 25?
21
What is the remainder when 84 is divided by 46?
38
What is the remainder when 302 is divided by 116?
70
What is the remainder when 21349 is divided by 131?
127
What is the remainder when 97 is divided by 11?
9
What is the remainder when 592 is divided by 53?
9
What is the remainder when 94 is divided by 33?
28
Calculate the remainder when 111 is divided by 9.
3
What is the remainder when 2785 is divided by 10?
5
What is the remainder when 365 is divided by 74?
69
Calculate the remainder when 86 is divided by 26.
8
Calculate the remainder when 89 is divided by 11.
1
What is the remainder when 342 is divided by 184?
158
Calculate the remainder when 304 is divided by 12.
4
Calculate the remainder when 526 is divided by 44.
42
Calculate the remainder when 201 is divided by 23.
17
What is the remainder when 98 is divided by 6?
2
Calculate the remainder when 1333 is divided by 57.
22
What is the remainder when 41 is divided by 11?
8
Calculate the remainder when 166 is divided by 28.
26
Calculate the remainder when 985 is divided by 47.
45
What is the remainder when 186 is divided by 90?
6
What is the remainder when 574 is divided by 194?
186
Calculate the remainder when 65 is divided by 25.
15
Calculate the remainder when 42 is divided by 22.
20
Calculate the remainder when 1574 is divided by 21.
20
What is the remainder when 46 is divided by 25?
21
What is the remainder when 5861 is divided by 5?
1
Calculate the remainder when 1141 is divided by 192.
181
What is the remainder when 1248 is divided by 44?
16
What is the remainder when 403 is divided by 63?
25
Calculate the remainder when 1378 is divided by 87.
73
Calculate the remainder when 404 is divided by 27.
26
What is the remainder when 922 is divided by 42?
40
What is the remainder when 31679 is divided by 9?
8
Calculate the remainder when 361 is divided by 13.
10
Calculate the remainder when 185 is divided by 31.
30
What is the remainder when 793 is divided by 406?
387
Calculate the remainder when 98 is divided by 40.
18
What is the remainder when 47 is divided by 12?
11
Calculate the remainder when 399 is divided by 194.
11
Calculate the remainder when 38 is divided by 10.
8
What is the remainder when 351 is divided by 75?
51
What is the remainder when 911 is divided by 54?
47
Calculate the remainder when 182 is divided by 23.
21
What is the remainder when 233 is divided by 54?
17
What is the remainder when 743 is divided by 185?
3
What is the remainder when 260 is divided by 223?
37
Calculate the remainder when 147 is divided by 20.
7
Calculate the remainder when 128 is divided by 15.
8
What is the remainder when 1794 is divided by 35?
9
What is the remainder when 217 is divided by 116?
101
What is the remainder when 108 is divided by 36?
0
Calculate the remainder when 16235 is divided by 36.
35
Calculate the remainder when 1322 is divided by 100.
22
What is the remainder when 136 is divided by 12?
4
Calculate the remainder when 10 is divided by 9.
1
Calculate the remainder when 1511 is divided by 751.
9
Calculate the remainder when 352 is divided by 30.
22
Calculate the remainder when 89 is divided by 35.
19
What is the remainder when 453 is divided by 67?
51
Calculate the remainder when 5763 is divided by 48.
3
What is the remainder when 202 is divided by 36?
22
What is the remainder when 587 is divided by 98?
97
What is the remainder when 495 is divided by 44?
11
Calculate the remainder when 851 is divided by 44.
15
Calculate the remainder when 957 is divided by 120.
117
Calculate the remainder when 5359 is divided by 1785.
4
What is the remainder when 314 is divided by 49?
20
What is the remainder when 212 is divided by 72?
68
Calculate the remainder when 114 is divided by 100.
14
Calculate the remainder when 75 is divided by 25.
0
What is the remainder when 1360 is divided by 62?
58
Calculate the remainder when 906 is divided by 900.
6
Calculate the remainder when 323 is divided by 89.
56
What is the remainder when 535 is divided by 4?
3
What is the remainder when 247 is divided by 189?
58
What is the remainder when 5249 is divided by 14?
13
What is the remainder when 34 is divided by 9?
7
What is the remainder when 526 is divided by 75?
1
Calculate the remainder when 288 is divided by 132.
24
What is the remainder when 129 is divided by 26?
25
Calculate the remainder when 24 is divided by 6.
0
Calculate the remainder when 182 is divided by 75.
32
What is the remainder when 380 is divided by 136?
108
What is the remainder when 5021 is divided by 14?
9
What is the remainder when 815 is divided by 64?
47
Calculate the remainder when 36 is divided by 28.
8
Calculate the remainder when 17520 is divided by 99.
96
What is the remainder when 192 is divided by 13?
10
Calculate the remainder when 1279 is divided by 14.
5
Calculate the remainder when 801 is divided by 76.
41
Calculate the remainder when 166 is divided by 38.
14
What is the remainder when 56 is divided by 26?
4
Calculate the remainder when 73 is divided by 19.
16
What is the remainder when 9446 is divided by 54?
50
What is the remainder when 664 is divided by 67?
61
What is the remainder when 1882 is divided by 934?
14
What is the remainder when 114 is divided by 61?
53
What is the remainder when 6691 is divided by 134?
125
Calculate the remainder when 2588 is divided by 27.
23
Calculate the remainder when 364 is divided by 66.
34
Calculate the remainder when 18 is divided by 11.
7
What is the remainder when 225 is divided by 50?
25
Calculate the 